 is the remainder when 239 is divided by 6?
5
What is the remainder when 133 is divided by 17?
14
Calculate the remainder when 593 is divided by 341.
252
Calculate the remainder when 1128 is divided by 104.
88
What is the remainder when 107 is divided by 21?
2
Calculate the remainder when 282 is divided by 144.
138
What is the remainder when 448 is divided by 18?
16
Calculate the remainder when 119 is divided by 33.
20
What is the remainder when 1580 is divided by 13?
7
Calculate the remainder when 100 is divided by 43.
14
What is the remainder when 5406 is divided by 86?
74
Calculate the remainder when 4272 is divided by 225.
222
Calculate the remainder when 119 is divided by 69.
50
Calculate the remainder when 3114 is divided by 38.
36
Calculate the remainder when 486 is divided by 128.
102
Calculate the remainder when 157 is divided by 59.
39
Calculate the remainder when 13 is divided by 6.
1
What is the remainder when 396 is divided by 99?
0
What is the remainder when 1619 is divided by 10?
9
Calculate the remainder when 1731 is divided by 34.
31
What is the remainder when 319 is divided by 41?
32
What is the remainder when 46 is divided by 29?
17
What is the remainder when 743 is divided by 371?
1
Calculate the remainder when 156 is divided by 18.
12
Calculate the remainder when 204 is divided by 28.
8
What is the remainder when 618 is divided by 120?
18
Calculate the remainder when 2568 is divided by 437.
383
What is the remainder when 2885 is divided by 6?
5
Calculate the remainder when 31049 is divided by 25.
24
Calculate the remainder when 1559 is divided by 11.
8
Calculate the remainder when 1593 is divided by 55.
53
What is the remainder when 1894 is divided by 626?
16
What is the remainder when 390 is divided by 134?
122
Calculate the remainder when 287 is divided by 62.
39
What is the remainder when 11219 is divided by 30?
29
Calculate the remainder when 8911 is divided by 14.
7
What is the remainder when 1217 is divided by 29?
28
Calculate the remainder when 68 is divided by 52.
16
Calculate the remainder when 58 is divided by 7.
2
Calculate the remainder when 1884 is divided by 83.
58
Calculate the remainder when 6061 is divided by 47.
45
Calculate the remainder when 482 is divided by 27.
23
What is the remainder when 375 is divided by 55?
45
Calculate the remainder when 332 is divided by 112.
108
Calculate the remainder when 651 is divided by 131.
127
What is the remainder when 148 is divided by 5?
3
Calculate the remainder when 172 is divided by 51.
19
Calculate the remainder when 1075 is divided by 20.
15
Calculate the remainder when 1958 is divided by 179.
168
Calculate the remainder when 145 is divided by 37.
34
What is the remainder when 335 is divided by 136?
63
What is the remainder when 21 is divided by 11?
10
Calculate the remainder when 138 is divided by 24.
18
Calculate the remainder when 32351 is divided by 12.
11
What is the remainder when 130 is divided by 30?
10
Calculate the remainder when 135 is divided by 6.
3
Calculate the remainder when 6832 is divided by 201.
199
What is the remainder when 28 is divided by 17?
11
Calculate the remainder when 5577 is divided by 18.
15
What is the remainder when 30 is divided by 22?
8
Calculate the remainder when 56 is divided by 31.
25
What is the remainder when 1253 is divided by 199?
59
What is the remainder when 188 is divided by 24?
20
What is the remainder when 3345 is divided by 29?
10
Calculate the remainder when 562 is divided by 14.
2
What is the remainder when 113 is divided by 24?
17
Calculate the remainder when 689 is divided by 64.
49
Calculate the remainder when 297 is divided by 23.
21
Calculate the remainder when 945 is divided by 230.
25
What is the remainder when 1772 is divided by 24?
20
Calculate the remainder when 126 is divided by 43.
40
Calculate the remainder when 488 is divided by 35.
33
Calculate the remainder when 119 is divided by 44.
31
What is the remainder when 4015 is divided by 30?
25
What is the remainder when 985 is divided by 47?
45
Calculate the remainder when 1090 is divided by 121.
1
What is the remainder when 3072 is divided by 18?
12
Calculate the remainder when 1877 is divided by 8.
5
What is the remainder when 319 is divided by 84?
67
What is the remainder when 40 is divided by 29?
11
What is the remainder when 125 is divided by 36?
17
What is the remainder when 660 is divided by 17?
14
Calculate the remainder when 530 is divided by 89.
85
What is the remainder when 1241 is divided by 23?
22
Calculate the remainder when 2008 is divided by 10.
8
Calculate the remainder when 783 is divided by 226.
105
What is the remainder when 264 is divided by 19?
17
What is the remainder when 271 is divided by 26?
11
What is the remainder when 446 is divided by 113?
107
What is the remainder when 3467 is divided by 31?
26
Calculate the remainder when 909 is divided by 10.
9
Calculate the remainder when 212 is divided by 64.
20
What is the remainder when 83 is divided by 18?
11
Calculate the remainder when 168 is divided by 81.
6
What is the remainder when 3741 is divided by 4?
1
What is the remainder when 1593 is divided by 19?
16
What is the remainder when 1059 is divided by 353?
0
What is the remainder when 1959 is divided by 7?
6
Calculate the remainder when 62 is divided by 37.
25
What is the remainder when 432 is divided by 87?
84
Calculate the remainder when 53 is divided by 9.
8
What is the remainder when 250 is divided by 62?
2
Calculate the remainder when 1029 is divided by 80.
69
What is the remainder when 5793 is divided by 12?
9
What is the remainder when 568 is divided by 38?
36
Calculate the remainder when 4657 is divided by 106.
99
What is the remainder when 468 is divided by 222?
24
What is the remainder when 2942 is divided by 128?
126
What is the remainder when 29 is divided by 4?
1
What is the remainder when 165 is divided by 52?
9
What is the remainder when 7277 is divided by 91?
88
Calculate the remainder when 601 is divided by 67.
65
Calculate the remainder when 165 is divided by 98.
67
Calculate the remainder when 458 is divided by 29.
23
Calculate the remainder when 634 is divided by 215.
204
Calculate the remainder when 9823 is divided by 84.
79
What is the remainder when 4790 is divided by 141?
137
Calculate the remainder when 491 is divided by 45.
41
What is the remainder when 1184 is divided by 22?
18
Calculate the remainder when 3050 is divided by 761.
6
Calculate the remainder when 22 is divided by 13.
9
What is the remainder when 330 is divided by 291?
39
What is the remainder when 509 is divided by 122?
21
What is the remainder when 176 is divided by 36?
32
What is the remainder when 3672 is divided by 21?
18
Calculate the remainder when 208 is divided by 65.
13
What is the remainder when 8283 is divided by 23?
3
Calculate the remainder when 120 is divided by 48.
24
What is the remainder when 133 is divided by 39?
16
What is the remainder when 88 is divided by 9?
7
Calculate the remainder when 15575 is divided by 132.
131
Calculate the remainder when 61 is divided by 8.
5
What is the remainder when 4882 is divided by 148?
146
Calculate the remainder when 27 is divided by 9.
0
Calculate the remainder when 371 is divided by 363.
8
Calculate the remainder when 112 is divided by 45.
22
What is the remainder when 877 is divided by 218?
5
Calculate the remainder when 523 is divided by 19.
10
What is the remainder when 718 is divided by 66?
58
Calculate the remainder when 699 is divided by 26.
23
What is the remainder when 2375 is divided by 72?
71
What is the remainder when 81 is divided by 21?
18
What is the remainder when 457 is divided by 23?
20
Calculate the remainder when 334 is divided by 90.
64
What is the remainder when 70 is divided by 51?
19
Calculate the remainder when 2509 is divided by 16.
13
What is the remainder when 100 is divided by 27?
19
Calculate the remainder when 60 is divided by 23.
14
What is the remainder when 2135 is divided by 10?
5
Calculate the remainder when 556 is divided by 80.
76
Calculate the remainder when 2622 is divided by 45.
12
What is the remainder when 302 is divided by 3?
2
What is the remainder when 742 is divided by 33?
16
What is the remainder when 365 is divided by 47?
36
